34. What are the prime factors of b?
31, 61
Let v(k) = -k**3 - 8*k**2 + 23*k + 126. List the prime factors of v(-11).
2, 59
Let m(z) = -5*z - 19. Let l be (30/(-20))/((-2)/(-12)). What are the prime factors of m(l)?
2, 13
Let i be 1/((-68)/32 - -2). Let m(w) = -w**3 - 9*w**2 - 10*w - 2. List the prime factors of m(i).
2, 7
Suppose -173*k - 3968 = -175*k. List the prime factors of k.
2, 31
Let i be -2 + 0 - (-3 - 7 - -6). Suppose -2*m = -a - 10 - 4, 5*a - 14 = -4*m. Let h = m - i. What are the prime factors of h?
2
What are the prime factors of -30*(451/66)/((-1)/2)?
2, 5, 41
Suppose 4*c - 4084 = -4*k + 2*k, -3*c - 2*k = -3064. List the prime factors of c.
2, 3, 5, 17
Suppose -5 = -3*x + 19. Let v(t) = 6*t - 3 - 3*t + 15 - 2*t. List the prime factors of v(x).
2, 5
Let q(m) = -m**3 + 6*m**2 - 3*m - 33. Let v be q(7). Let p = v - -148. What are the prime factors of p?
3, 5
Let i(x) = x - 1. Let u be 5/((-10)/(-8)) - 1. Let d be i(u). List the prime factors of (2 - (d + -138))/2.
3, 23
Let n(o) = -323*o**3 + o - 1. Let s be n(1). Let w = -206 - s. Suppose g + w = 4*g. What are the prime factors of g?
3, 13
Let t(n) be the second derivative of 2*n**3/3 + 2*n**2 - 3*n. Let x be t(5). Suppose 2*s + s = x. What are the prime factors of s?
2
Let l(g) = -7*g + 27. Let s be l(-8). Let y = 141 - s. List the prime factors of y.
2, 29
Let g = 4445 + -115. What are the prime factors of g?
2, 5, 433
Let w = -67 - -139. List the prime factors of w.
2, 3
Let q(v) = -v**2 - 12*v - 17. Let f be q(-10). Suppose 15 + 513 = f*k. List the prime factors of k.
2, 11
Suppose 11394 = 23*z - 14*z. List the prime factors of z.
2, 3, 211
Suppose -9193 = -5*x + q - 2*q, 2*x - 3676 = -q. What are the prime factors of x?
3, 613
Let v(y) = -y**2 - 18*y - 49. What are the prime factors of v(-11)?
2, 7
Let h = 4 + -1. Suppose 101 = h*x - 19. Suppose 13*f = 17*f - x. List the prime factors of f.
2, 5
Let h be (-6)/(-4)*(8 - 4). Suppose -x = -h*x + 75. List the prime factors of x.
3, 5
Let q(g) be the third derivative of 13*g**4/24 - 3*g**3/2 + 11*g**2. Let i be q(4). Suppose d - 2*n = 63, -2*d + i = -d + 3*n. List the prime factors of d.
5, 11
Suppose -5*x = -2*f + 1912, -f + 21 = 4*x - 935. List the prime factors of 3/(30/f) + (-2)/(-5).
2, 3
Suppose x - 2*m + 15 = 3*m, -15 = -5*x - 5*m. What are the prime factors of (0 - 0/(-6)) + (74 - x)?
2, 37
Suppose 4*h + 324 = 4*b, 2*h - 160 = -3*b + 78. List the prime factors of b.
2, 5
Suppose 0 = -5*u + 5*a + 8980, 4*u + 3*a = 5*a + 7192. List the prime factors of u.
2, 3, 5
Suppose -n = -2*n - g + 29, -92 = -3*n + 2*g. Suppose 31*h - n*h - 168 = 0. What are the prime factors of h?
2, 3, 7
List the prime factors of (18/10)/(27/315).
3, 7
Suppose v = -0*v - x + 5, 0 = -3*v - 2*x + 11. Let z be (v + 9)/((-16)/(-104)). Suppose -z + 21 = -4*p. What are the prime factors of p?
11
Let j(c) = 11*c**2 - c - 6. Let k(d) = 2 + 4*d**2 + 1 - 2 - 5*d**2. Let g(u) = j(u) + 6*k(u). List the prime factors of g(1).
2
Let n = 1 + -1. Let j(v) = v + 28 + 58 + 8 - 9 - 12. List the prime factors of j(n).
73
Let z(q) = 68*q + 827. What are the prime factors of z(0)?
827
Let j(p) = -3*p**2 + p + 1. Let h be j(-2). Let v = 4 - h. Suppose -m - 1 = 0, -v = 4*f - 3*m - 164. What are the prime factors of f?
2, 3
Let x(u) = u**2 - 7*u - 5. Suppose 0 = -4*h + 18 + 14. Let t be x(h). List the prime factors of (2 - -4)*1 + t.
3
List the prime factors of (-499640)/(-100) + 8/(-20) + 0.
2, 1249
Let y = -52 - -56. Suppose -91 = y*a - 5*a. What are the prime factors of a?
7, 13
Let l = -270 + 466. Let s = l - 67. List the prime factors of s.
3, 43
Suppose 3*b - 6 = 3*f, 3*b = -5*f - 11 + 1. Suppose 4*d - 6 = -3*t, b = 4*t - 2*d + 3*d + 5. Let p(z) = -z**3 - 3*z - 3. What are the prime factors of p(t)?
11
Let z = 1117 - 800. List the prime factors of z.
317
Let m = -82 - -410. List the prime factors of m.
2, 41
Suppose -v + 141 = -3*v - 3*y, v - 2*y = -81. Suppose 30 = -n - 13. Let z = n - v. List the prime factors of z.
2
Let k = 141 + 318. What are the prime factors of k?
3, 17
Suppose 0 = 3*b - 2*j - 1403, 0 = -0*b - 2*b + 2*j + 938. What are the prime factors of b?
3, 5, 31
Let i = 534 - 144. List the prime factors of i.
2, 3, 5, 13
Let o(z) = -2*z + 24. Let g(l) = -2*l**2 + 12*l + 1. Let q be g(7). List the prime factors of o(q).
2, 5
Let a be -10*(-25)/(-2) + 4. Let h = 191 + a. List the prime factors of h.
2, 5, 7
Let i(d) be the second derivative of -d**4/4 - d**3/3 + 3*d**2/2 + 3*d. Let n be i(6). List the prime factors of n/(-27) + 2/(-6).
2
Let i be 21/14*8/3. Suppose -3*y - 29 = -3*j - 197, 0 = 3*y - i*j - 169. List the prime factors of y.
5, 11
Let o(v) be the first derivative of -1/3*v**3 + 3*v + 6*v**2 - 11. What are the prime factors of o(10)?
23
Let k be 39/(2 + 0 - 3). Suppose 52 = -i + 3*y, 5*i - y + 274 = -0*i. Let o = k - i. What are the prime factors of o?
2
Let m = -15 - -17. Suppose -j = 4*r + 1, -m*j - r - 2*r = -3. List the prime factors of (47 - 8/2) + j.
2, 23
Let i(o) = -8*o + 10. Let s be i(8). Let m = 95 + s. Let q = -15 + m. List the prime factors of q.
2, 13
Let x(p) = -p**3 - 8*p**2 + 4*p - 32. What are the prime factors of x(-13)?
761
Suppose -24*v = 22*v - 56810. List the prime factors of v.
5, 13, 19
Let b(s) = -s**3 - 3*s**2 + 3. Let p be b(-3). Let j be 0/(p/(12/8)). What are the prime factors of (j - 16)/(-2) + -1?
7
Let p(g) = -8*g + 417. List the prime factors of p(35).
137
Let m(h) be the third derivative of h**4/12 + h**3/3 + h**2. Let b be m(-2). Let i = b - -16. List the prime factors of i.
2, 7
Let n(i) = -i**3 + 13*i**2 - 10*i - 16. Let p = -23 - -35. What are the prime factors of n(p)?
2
Suppose -8*s + 463 = -1249. List the prime factors of s.
2, 107
Let y(u) = 22*u**2 + 30*u + 87. List the prime factors of y(-8).
5, 251
Let d(l) = 5*l**3 - 8*l**2 + 10*l - 17. List the prime factors of d(3).
2, 19
Let i = -118 + 40. Let d = i + 202. What are the prime factors of d?
2, 31
Suppose 0 = -5*x + 3*m + 10683, -5*x = -5*m - 7215 - 3470. List the prime factors of x.
2, 3, 89
Let k = -2569 + 3972. List the prime factors of k.
23, 61
Suppose -i + 924 = 4*n, -3*i = 2*i + 5*n - 4620. Suppose -4*b - 5*w + i = 0, 0 = b + b - 2*w - 444. List the prime factors of b.
2, 113
Let t = 6 - 18. Let z = t - -16. Suppose 35 - z = c - r, 2*r = 5*c - 149. What are the prime factors of c?
29
Let b = 46 + -43. Suppose t = -3*m + b*t + 310, 2*m = -4*t + 228. List the prime factors of m.
2, 53
Let h be (-544)/18 - 2/(-9). Let n(p) = 179*p - 10. Let i be n(-6). List the prime factors of (-6)/45 + i/h.
2, 3
Suppose 77 = 5*y - 2*y + g, 3*g = -3*y + 75. Let c = y - 32. List the prime factors of (35/(-3))/(c/18).
5, 7
Let v(o) = -14*o + 2. Let l(w) = -w**2 - 2*w + 12. Let h be l(3). List the prime factors of v(h).
2, 11
Let t = 57 - -8. Let j = t + -36. Suppose -2*u + 2*c = -3*c - 12, 2*c + j = 3*u. List the prime factors of u.
11
Suppose -c = 2*n - 9 - 1, 0 = 2*n - 4*c. Suppose -7*t + 2222 = n*t. List the prime factors of t.
2, 101
Let n be (28/(-21))/2*-3*1. Suppose 0 = 2*l + 5*c - 369 + 124, -4*l = n*c - 498. What are the prime factors of l?
5
Let o(r) = 225*r**2 + 43*r + 4. What are the prime factors of o(-4)?
2, 3, 11, 13
Let s be 8/4*5/2. Let z be (s/(-15))/((-2)/78). Suppose -2*x + z = -11. List the prime factors of x.
2, 3
Suppose 2*i + 5*c = 8 + 8, -3*i = 5*c - 14. Let f = i - -2. Suppose m + f*m = g - 1, 0 = -g - 4*m + 6. What are the prime factors of g?
2
Let n = -1916 - -4691. What are the prime factors of n?
3, 5, 37
Let q = -2 - -5. Suppose 0 = -q*a + 218 + 142. List the prime factors of a.
2, 3, 5
Let h(u) = 5*u**2 + 7*u - 98. What are the prime factors of h(-18)?
2, 349
Let c be (-14)/7 + 1 + 7. Suppose c*f + 4*p = f - 13, -4*p - 4 = -4*f. What are the prime factors of f/(2/96*-2)?
2, 3
Let f = 38 - 35. What are the prime factors of 141/f + 1 + -2 + 1?
47
Let m be -1 + (-134 - (-2 - 0/1)). Let f = 239 + m. List the prime factors of f.
2, 53
Suppose -3752 = -5*d - 4*h + 9253, 0 = d + 2*h - 2595. List the prime factors of d.
5, 521
Let f = -10 + 15. Let i = f - 12. Let n(r) = -r**2 - 12*r - 3. List the prime factors of n(i).
2
Suppose -y = -5*k + 3*y + 406, 2*k = 5*y + 159. What are the prime factors of k?
2, 41
Suppose x - 23 = 18. Let i = 